9162?
6
What is the hundreds digit of 41974?
9
What is the hundred thousands digit of 146135?
1
What is the units digit of 65583?
3
What is the hundreds digit of 78219?
2
What is the hundreds digit of 26513?
5
What is the thousands digit of 3828?
3
What is the units digit of 2259?
9
What is the hundreds digit of 2519?
5
What is the thousands digit of 110541?
0
What is the tens digit of 1810?
1
What is the thousands digit of 11939?
1
What is the units digit of 918?
8
What is the tens digit of 10?
1
What is the thousands digit of 7256?
7
What is the thousands digit of 61308?
1
What is the tens digit of 3166?
6
What is the tens digit of 2540?
4
What is the tens digit of 69541?
4
What is the units digit of 130?
0
What is the units digit of 848?
8
What is the tens digit of 10268?
6
What is the units digit of 39882?
2
What is the hundreds digit of 61380?
3
What is the ten thousands digit of 19673?
1
What is the tens digit of 104663?
6
What is the tens digit of 12224?
2
What is the thousands digit of 1876?
1
What is the units digit of 13272?
2
What is the units digit of 11097?
7
What is the thousands digit of 1379?
1
What is the thousands digit of 38129?
8
What is the hundreds digit of 32090?
0
What is the tens digit of 7406?
0
What is the tens digit of 1879?
7
What is the units digit of 19467?
7
What is the hundreds digit of 33767?
7
What is the tens digit of 21534?
3
What is the units digit of 1750?
0
What is the thousands digit of 5949?
5
What is the hundreds digit of 7646?
6
What is the thousands digit of 22553?
2
What is the ten thousands digit of 17166?
1
What is the hundreds digit of 933?
9
What is the hundreds digit of 4657?
6
What is the tens digit of 9386?
8
What is the thousands digit of 23450?
3
What is the hundreds digit of 8219?
2
What is the units digit of 25231?
1
What is the ten thousands digit of 20285?
2
What is the hundreds digit of 951?
9
What is the tens digit of 5766?
6
What is the units digit of 8732?
2
What is the units digit of 3538?
8
What is the ten thousands digit of 66645?
6
What is the hundreds digit of 23941?
9
What is the units digit of 2417?
7
What is the tens digit of 1395?
9
What is the units digit of 2597?
7
What is the thousands digit of 2868?
2
What is the units digit of 1554?
4
What is the units digit of 879?
9
What is the tens digit of 460?
6
What is the units digit of 4872?
2
What is the thousands digit of 8406?
8
What is the hundreds digit of 1685?
6
What is the hundreds digit of 1458?
4
What is the hundreds digit of 2805?
8
What is the units digit of 899?
9
What is the units digit of 1311?
1
What is the hundreds digit of 1683?
6
What is the hundreds digit of 75012?
0
What is the hundreds digit of 3592?
5
What is the units digit of 5887?
7
What is the units digit of 9640?
0
What is the hundreds digit of 42624?
6
What is the units digit of 126782?
2
What is the units digit of 828?
8
What is the tens digit of 1459?
5
What is the tens digit of 278?
7
What is the thousands digit of 5394?
5
What is the hundreds digit of 83569?
5
What is the hundreds digit of 1336?
3
What is the units digit of 421?
1
What is the tens digit of 53946?
4
What is the hundreds digit of 681?
6
What is the units digit of 554?
4
What is the ten thousands digit of 94098?
9
What is the hundreds digit of 64027?
0
What is the tens digit of 16308?
0
What is the hundreds digit of 2421?
4
What is the tens digit of 2198?
9
What is the units digit of 2870?
0
What is the ten thousands digit of 66642?
6
What is the tens digit of 6585?
8
What is the units digit of 7471?
1
What is the tens digit of 4073?
7
What is the thousands digit of 5314?
5
What is the thousands digit of 7448?
7
What is the hundreds digit of 2568?
5
What is the tens digit of 433?
3
What is the thousands digit of 6191?
6
What is the units digit of 991?
1
What is the units digit of 14145?
5
What is the tens digit of 8092?
9
What is the tens digit of 21229?
2
What is the hundreds digit of 278?
2
What is the units digit of 6857?
7
What is the thousands digit of 1195?
1
What is the hundreds digit of 329?
3
What is the tens digit of 8355?
5
What is the hundreds digit of 90561?
5
What is the hundreds digit of 18714?
7
What is the units digit of 2351?
1
What is the units digit of 774?
4
What is the units digit of 1476?
6
What is the tens digit of 75155?
5
What is the units digit of 57719?
9
What is the tens digit of 49640?
4
What is the ten thousands digit of 73927?
7
What is the thousands digit of 1361?
1
What is the thousands digit of 40695?
0
What is the units digit of 1479?
9
What is the thousands digit of 1034?
1
What is the thousands digit of 1758?
1
What is the ten thousands digit of 38049?
3
What is the hundreds digit of 443?
4
What is the thousands digit of 45245?
5
What is the tens digit of 76997?
9
What is the tens digit of 4817?
1
What is the tens digit of 8818?
1
What is the hundreds digit of 2859?
8
What is the thousands digit of 1859?
1
What is the units digit of 84?
4
What is the units digit of 1107?
7
What is the ten thousands digit of 44113?
4
What is the units digit of 919?
9
What is the ten thousands digit of 11472?
1
What is the thousands digit of 15523?
5
What is the ten thousands digit of 22002?
2
What is the tens digit of 9053?
5
What is the ten thousands digit of 54808?
5
What is the hundreds digit of 627?
6
What is the hundreds digit of 683?
6
What is the hundreds digit of 3089?
0
What is the tens digit of 1615?
1
What is the thousands digit of 32269?
2
What is the units digit of 1795?
5
What is the hundreds digit of 8586?
5
What is the thousands digit of 15837?
5
What is the thousands digit of 24900?
4
What is the hundreds digit of 1077?
0
What is the tens digit of 2675?
7
What is the tens digit of 1849?
4
What is the tens digit of 2425?
2
What is the tens digit of 8636?
3
What is the tens digit of 1105?
0
What is the units digit of 2088?
8
What is the thousands digit of 1289?
1
What is the tens digit of 11374?
7
What is the tens digit of 48634?
3
What is the tens digit of 41004?
0
What is the tens digit of 62?
6
What is the hundreds digit of 2035?
0
What is the hundreds digit of 4491?
4
What is the hundreds digit of 2273?
2
What is the units digit of 2927?
7
What is the tens digit of 968?
6
What is the tens digit of 12403?
0
What is the units digit of 12489?
9
What is the hundreds digit of 24699?
6
What is the units digit of 8634?
4
What is the tens digit of 6767?
6
What is the units digit of 394?
4
What is the units digit of 54578?
8
What is the ten thousands digit of 122111?
2
What is the ten thousands digit of 141170?
4
What is the thousands digit of 8081?
8
What is the hundreds digit of 50554?
5
What is the hundreds digit of 1032?
0
What is the units digit of 20147?
7
What is the thousands digit of 1491?
1
What is the tens digit of 12451?
5
What is the hundreds digit of 1779?
7
What is the tens digit of 98108?
0
What is the tens digit of 455?
5
What is the hundred thousands digit of 128338?
1
What is the units digit of 7160?
0
What is the hundreds digit of 57213?
2
What is the thousands digit of 2019?
2
What is the thousands digit of 113774?
3
What is the tens digit of 61046?
4
What is the tens digit of 58085?
8
What is the units digit of 6344?
4
What is the hundreds digit of 2864?
8
What is the tens digit of 8427?
2
What is the units digit of 1020?
0
What is the hundreds digit of 24707?
7
What is the ten thousands digit of 69100?
6
What is the units digit of 657?
7
What is the tens digit of 71327?
2
What is the units digit of 1698?
8
What is the units digit of 7024?
4
What is the hundreds digit of 252?
2
What is the ten thousands digit of 25039?
2
What is the hundreds digit of 6121?
1
What is the tens digit of 12045?
4
What is the thousands digit of 4214?
4
What is the units digit of 3758?
8
What is the tens digit of 5253?
5
What is the units digit of 6694?
4
What is the hundreds digit of 15309?
3
What is the tens digit of 779?
7
What is the ten thousands digit of 32948?
3
What is the thousands digit of 3998?
3
What is the units digit of 44549?
9
What is the hundreds digit of 39212?
2
What is the thousands digit of 4905?
4
What is the tens digit of 14839?
3
What is the tens digit of 23176?
7
What is the tens digit of 10437?
3
What is the tens digit of